= -3*o. Let q = -555 - z. Calculate the highest common factor of q and 315.
63
Let u(d) = 7*d**2 - 101*d + 242. Let r be u(14). What is the highest common factor of r and 12?
4
Let w(v) be the second derivative of 8*v**5/5 - v**4/12 + v**2/2 - v. Suppose 23*h = 87 - 64. Let x be w(h). Calculate the greatest common factor of 48 and x.
16
Let i = 9293 - 9106. What is the greatest common factor of 473 and i?
11
Suppose 2887 = 7*b + 2670. Calculate the highest common divisor of 14167 and b.
31
Let l(i) = 2*i**2 + 4*i - 288. Let g be l(0). Let x = g - -298. What is the greatest common factor of 20 and x?
10
Let n be ((-1890)/245)/((-1)/28). Calculate the greatest common factor of n and 2106.
54
Let x = 659 - 307. Suppose 3*h - 1 = 38. Suppose -4*b - 288 = -h*b. Calculate the highest common factor of x and b.
32
Suppose 0*j = 9*j - 279. Let h = -31 + j. Let y be (-144)/(-5)*(10 - h). Calculate the greatest common factor of y and 36.
36
Suppose 5*n - 4*d + 95 - 1349 = 0, -n + 5*d = -255. Let m = -36509 + 36519. Calculate the greatest common divisor of n and m.
10
Suppose -3*y + 268 = y. Let u = y + -43. Let b(a) = 38*a - 2. Let q be b(1). Calculate the highest common factor of u and q.
12
Suppose 5*b - 2*u = 1904, 4*b + 5*u - 112 = 1398. Calculate the greatest common factor of 228 and b.
76
Let m(n) = 5*n**2 + 2*n - 2. Let l be m(1). Let v = l + 16. Let d = 34 - v. Calculate the highest common divisor of d and 104.
13
Suppose -14*n + 189 = -11*n. Suppose 14 = 2*d + 4*z, -2*z - 31 = -4*d - 7*z. Calculate the highest common divisor of d and n.
9
Let u be 536/(-16)*1*-10. Suppose 538*f = -5335 + 41381. Calculate the highest common divisor of f and u.
67
Suppose 0 = 24*s - 21583 - 12761. What is the greatest common factor of 265 and s?
53
Suppose 3*j + 3*y = -0*y + 123, -5*j + 175 = -y. Let a(p) = -63*p - 36. Let c be a(-2). Calculate the highest common factor of c and j.
18
Let j(g) = -g + 13*g**2 + g**3 - 43 + 35 - 2*g**2. Let v be j(-11). Suppose -v*a + 4 + 41 = 0. What is the greatest common divisor of a and 10?
5
Let s = 591 + -399. Suppose 2*c - 3*c = 24. Let o = c + 48. What is the highest common divisor of s and o?
24
Let b(w) = 4*w + 64. Let k be b(32). Suppose 18*c - 20*c = 6, -k = -4*h + 4*c. Let u be 3 - 2 - -2*7. What is the highest common factor of h and u?
15
Suppose 0 = 4*c + 23 - 47. Suppose z + c = 4*i, -1 = -2*i + 5. Calculate the greatest common factor of z and 174.
6
Let o(i) = -i - 12. Let l be o(6). Let m be l*(6 - -3 - 4). Let t = 177 + m. Calculate the highest common divisor of 29 and t.
29
Let t = 18573 - 18511. Calculate the greatest common divisor of 6386 and t.
62
Let g(u) = 10*u**2 - 17*u - 1. Let d be g(4). What is the greatest common factor of 13741 and d?
91
Suppose f + 5*z = 5*f, 5*f = -z + 29. Suppose 20 = -5*n + f*a, a = 5*n + 14 + 2. Let x be n*880/(-15) - 0. Calculate the greatest common divisor of x and 16.
16
Let k be ((-26)/6)/(9/(-1215)*9). Calculate the greatest common divisor of 145 and k.
5
Suppose -11*w = -47*w + 55224. What is the greatest common divisor of w and 26?
26
Let i(g) = 7*g**2 + g + 2. Let w be i(-2). Let u = 71 - 79. Let z = w + u. What is the greatest common divisor of z and 8?
4
Suppose -6*c + 26*c + 40*c - 633420 = 0. What is the greatest common divisor of 34 and c?
17
Let s(w) = 6*w**2 - 2*w + 1. Let n be s(2). Let y = 351 - 626. Let k = y + 296. What is the greatest common factor of n and k?
21
Suppose 0*z - 21 = 7*z. Let h be -3*(8/(-12) + 0/z). Suppose -4*y - 1 = 2*n - 5*n, -4*n + 8 = -h*y. What is the highest common divisor of 10 and y?
2
Let h(k) = -2*k**2 - 116 + 5*k + 57 + 75 + 12*k. Let s be h(8). Calculate the greatest common divisor of s and 40.
8
Suppose 54*i - 50*i - 24*i + 900 = 0. What is the greatest common divisor of 3810 and i?
15
Suppose 39*n - 487153 = -140544 + 737279. Calculate the highest common factor of n and 36.
36
Suppose -3*t = 15, -101 = -4*i - 4*t + t. Suppose -a + i - 25 = 0. Suppose -2*m - 3 = 7, a*m + 65 = 3*w. Calculate the highest common divisor of 45 and w.
15
Let m = 13319 + -13209. What is the greatest common factor of m and 4004?
22
Let r = -45 - -25. Let g be (-8)/(-20) + 868/r. Let a be (g/6 - 2/(-4))*-24. What is the highest common divisor of a and 20?
20
Let s(v) = v**3 - 16*v**2 + 5*v + 25. Let a = 23 + 41. Suppose -r = -5*r + a. Let k be s(r). Calculate the highest common divisor of 15 and k.
15
Suppose 66 = -0*s + 2*s + r, -5*s - r = -162. Suppose 76*o - 504 - 3481 = 8175. Calculate the highest common factor of o and s.
32
Let n = -25747 - -50255. Calculate the highest common factor of 11 and n.
11
Let d(t) = 2*t**3 - 48*t**2 + 9*t + 204. Let j be d(24). Let r(p) = -59*p + 1. Let q be r(-1). Calculate the highest common factor of q and j.
60
Let r be (8 - 3)/(-5) - -3. Suppose -2*u + r*v + 46 = 0, -v + 3 = -2*v. Suppose 0 = -5*i - u + 60. Calculate the highest common factor of i and 8.
8
Let y = -2376 - -3250. What is the highest common factor of y and 532?
38
Suppose f - 21 = -3*c, -2*c + 595 = -3*f + 603. Calculate the highest common factor of c and 605.
5
Let k = -418174 + 418194. Let i(h) = -2*h**3 - 4*h**2 - h - 1. Let f be i(-3). Calculate the greatest common factor of k and f.
20
Let c = 2386 + -1784. Calculate the highest common divisor of 56 and c.
14
Let g be (6 - 4/2) + 0 - -72. Let t = g - 104. Let a = t - -29. What is the highest common divisor of 7 and a?
1
Suppose -209*c = -228*c + 684. What is the greatest common factor of 6 and c?
6
Let i(z) be the first derivative of z**2 + 24*z - 10. Let x be i(-11). Calculate the greatest common divisor of 32 and x.
2
Let b(i) = -6*i**3 - 3*i**2 + 2*i - 14. Let r be b(-4). Suppose 0 = h - r + 266. Calculate the highest common divisor of h and 64.
16
Suppose -780*b + 89680 = -764*b. What is the highest common factor of b and 190?
95
Let a(w) = w**2 - 19*w + 61. Let v be a(16). Let c be (-121)/(-33) - 8/(-6). Suppose z + c - 148 = 0. Calculate the greatest common factor of v and z.
13
Let f(p) = 9*p**2 - 3*p. Let b be f(2). Suppose -2*x = 5*t - 40, 2*x - 5*x + 10 = -5*t. Calculate the greatest common factor of b and x.
10
Suppose 12*q - 13 = 47. Suppose 0 = -4*d + d + q*n + 44, -3*d + 62 = 4*n. Calculate the highest common divisor of 96 and d.
6
Suppose 3*u + 2685 = 2*c, 9*c - 6*c + u = 4000. Calculate the highest common factor of c and 30.
15
Let d = 6 + -14. Let b(o) = 12*o - 7*o**2 - 5*o - 4 + o**3 - 2*o**2 + 5*o**2 + 13*o**2. Let g be b(d). Calculate the highest common divisor of g and 1.
1
Suppose -7*l + 634 = -675. Suppose 1 = n - 2*x - 4, -4*n + 38 = -2*x. Calculate the greatest common divisor of n and l.
11
Suppose 2*d + 12 = s, s - 9 = d - 2. Suppose -4*v + 1403 = 5*c, c + s*c = v - 372. Suppose v = 6*u + u. Calculate the highest common factor of u and 17.
17
Let k(w) = 5 + w + 3*w - 5*w. Let t be k(0). Let m be ((-18)/117 - 992/(-26)) + 7. Calculate the highest common divisor of m and t.
5
Let y(b) = -36*b + 75. Let j be y(-8). Let r(h) = h**3 + 7*h**2 - 6*h - 9. Let l be r(-7). What is the highest common factor of j and l?
33
Let q(o) = -31*o + 383. Let w be q(-9). What is the highest common divisor of 2 and w?
2
Suppose 11*t - 19*t + 560 = 20*t. What is the highest common factor of 3260 and t?
20
Let k be 3 + 1 + -5 - (13 - 1). Let w = k - -18. Suppose 5*h + w*u = 250, -3*h + 5*u = -0*u - 110. What is the greatest common divisor of 495 and h?
45
Let f(m) = -135*m - 2335. Let j be f(-30). What is the highest common factor of j and 10?
5
Suppose -93*u + 111*u - 360 = 0. What is the greatest common divisor of 85 and u?
5
Let h = 470 - -89. Let q = h - 550. What is the highest common factor of q and 150?
3
Suppose k - 57*n + 60*n = 33, -4*k + 5*n = -149. Let l(j) = j**2 + 3*j - 6. Let t be l(-9). Calculate the highest common factor of k and t.
12
Let n(f) = -f**2 - 10*f - 1. Let x be n(12). Let r = 345 + x. What is the greatest common factor of r and 32?
16
Let n(m) = m**3 - 4*m**2 + 3*m - 6. Let v be n(5). Let a be 1*-4*(v - 35). Calculate the highest common factor of a and 44.
4
Suppose 5*w - t - 50653 = -731, -10*w - t + 99838 = 0. What is the greatest common factor of 13 and w?
13
Suppose -5*m = -u + 37, 0 = u + 5*m - 126 + 59. Calculate the highest common factor of 36 and u.
4
Le